prime factors of (-1)/(m*((-4516)/1504 - -3))?
2, 47
Let x(v) = -153*v - 28. Let c be x(-7). Let w = c + -652. List the prime factors of w.
17, 23
Suppose -2*f + 6 = 106. Let m = f - -65. What are the prime factors of 20/m + 2/(-6) - -89?
2, 3, 5
Let h(s) = -6*s + 2. Let i be h(-2). Suppose 2*p - i = 2*y, 0*y = -p + 4*y + 22. Suppose 100 + 234 = p*r. What are the prime factors of r?
167
Let b(j) = j**3 - 3*j**2 - 5*j + 10. Let z be b(-5). Let w = z - -288. Suppose -5*c - 3*y + 211 = 12, -w = -3*c - 3*y. What are the prime factors of c?
2, 19
Let f(q) be the second derivative of -20*q + 1/4*q**4 + 0 + 20*q**2 + 1/3*q**3. List the prime factors of f(0).
2, 5
Suppose g - 12375 = -4*a - 2*g, -4*a - 4*g = -12380. Suppose -5*r = y - 1043, 8*r = -3*y + 6*r + a. List the prime factors of y.
2, 257
Let x(u) = -3*u + 32. Suppose -10 = -7*t + 6*t. Let h be x(t). Suppose h*f + 628 = 6*f + 2*y, -618 = -4*f + 3*y. What are the prime factors of f?
2, 3, 13
Suppose 4*r + 4*r = 5*r. List the prime factors of 69/(1 - r) + (-73 - -77).
73
Suppose 6 = 2*j, 4*d + 5*j - 247 = 152. Suppose 4*g + 5*c - 5070 = 0, -d*g + 99*g + 4*c - 3803 = 0. What are the prime factors of g?
5, 11, 23
Suppose 44*r - 94*r = 88*r - 423246. What are the prime factors of r?
3067
Let i(l) = l + 1. Let n(c) = 48*c - 15. Let o(h) = 5*i(h) + n(h). Suppose -442 + 229 = -71*y. What are the prime factors of o(y)?
149
Let j be (4/6)/(6/351). Let m(w) = -2*w**3 + 7*w**2 - 3*w + 10. Let v be m(5). Let h = j - v. List the prime factors of h.
7, 17
Let z(b) = -40*b + 25. Let j be z(-5). What are the prime factors of 5166/22 - (j/33 + -7)?
5, 47
Let u(d) = -d**2 + 18*d + 28. Let w be u(18). Suppose 0 = w*k - 2203 - 3369. What are the prime factors of k?
199
Suppose 0 = 3*a - 2*i - 761, 4*a + i + 4*i - 1007 = 0. Suppose h + 1100 = x, -3*h - a - 1949 = -2*x. Suppose -2*g = 16*g - x. List the prime factors of g.
61
Suppose 0*p - 326100 = -5*p - 20*p. What are the prime factors of p?
2, 3, 1087
Let p(w) = 123*w + 61. Let v(n) = 61*n + 31. Let y(d) = 4*p(d) - 7*v(d). List the prime factors of y(6).
3, 139
Let h = 42 + -38. Let v be h/22 + 23324/(-22). List the prime factors of ((-4)/6 - -1) + v/(-15).
71
Let y be (-114)/18 - -7 - (-523)/3. Let s be (-12)/3*5/2. Let a = y + s. What are the prime factors of a?
3, 5, 11
Let s be (-49 + (-4 - -8))*116/10. Let b = s + 803. List the prime factors of b.
281
Let t be (1/(-1) - -3) + (5 - 5). Suppose -3*h = -t*h + 4*z - 240, 5*h + 2*z = 1182. What are the prime factors of h?
2, 59
Suppose -5*c = -20, 7*a = 3*a - 2*c + 1000. List the prime factors of (-13)/(91/(-28)) + a.
2, 3, 7
Let l(i) = -558*i + 114. What are the prime factors of l(-5)?
2, 3, 11
Let g = -8679 + 16748. List the prime factors of g.
8069
Suppose 12*z = -107 + 647. Suppose 0 = 62*k - z*k - 17408. List the prime factors of k.
2
Let r = 578 - 338. Let v = r - 102. Suppose 747 = 7*g + v. What are the prime factors of g?
3, 29
Let p(x) = 7*x**2 + 7*x**3 - 4*x**3 - 15*x**2 + 14*x. What are the prime factors of p(6)?
2, 3, 37
Let l(x) = 22*x**2 + 896*x - 77. What are the prime factors of l(-43)?
3, 691
Suppose -3*u = -4*v + 28, -8*v + 4*u + 32 = -4*v. Let o be (-15 + 20)*v/10. What are the prime factors of (-568)/(-12)*o*3/2?
2, 71
Let u(y) = -y**3 - 17*y**2 - 20*y + 17. Let x = -195 + 127. Let q = -84 - x. What are the prime factors of u(q)?
3
Suppose y + 26 = -2*d + 3, 1 = -d - 4*y. What are the prime factors of d/117 + (-7444)/(-9)?
827
Let i be 3813/2 + (-114)/76. Suppose 5*a = -3*u + i, -2*a - 781 = -4*a - 5*u. List the prime factors of a.
2, 3, 7
Let n(i) = 2495*i**2 - 99*i - 100. What are the prime factors of n(-1)?
2, 29, 43
Let m(c) = 89*c**2 - 18*c + 15. Let q be m(7). Suppose -6*z = -934 - q. What are the prime factors of z?
2, 3
Suppose 2*b + 140*b - 7553264 = 0. What are the prime factors of b?
2, 61, 109
Let p = 471 - 580. Let d = p - -230. What are the prime factors of d?
11
Let k(m) = -2427*m + 8978. List the prime factors of k(-5).
43, 491
Let v be 371*1 + (5 - (-70)/(-10)). Suppose -729 = -3*z + z + 5*q, -2*q + v = z. What are the prime factors of z?
367
Let d(x) = 8*x - 17. Let a be d(6). Suppose -2814 = a*h - 24018. List the prime factors of h.
2, 3, 19
Let c be 24/44 + (190/55 - 9). Let u(n) = n**3 + 3*n**2 - 3*n - 4. Let j be u(-3). What are the prime factors of 116*(c + j - -2)?
2, 29
Suppose -7*a = -17437 + 5943. Suppose -4*v - a = -3*t, -2*v + 510 = t - 24. List the prime factors of t.
2, 271
Suppose 12*v - 23872 = 28*v. Let h = -849 - v. List the prime factors of h.
643
Let i(l) = 1098*l**3 - 13*l**2 - 8*l + 21. What are the prime factors of i(2)?
8737
Suppose -41*r = -38*r - 6. What are the prime factors of 4 + 344*r/4?
2, 11
Suppose -5*j + 4240 = 5*l, 23 = -5*l - 2. Let g = j - 445. What are the prime factors of g?
2, 3, 17
Let p = -23293 - -50407. What are the prime factors of p?
2, 3, 4519
Let u be 1/(1/6532) + 3. Suppose -u - 15877 = -26*z. List the prime factors of z.
2, 431
Let c(j) = 3*j**3 - 5*j**2 + 11*j - 16. Let g be c(7). Suppose -2*m = -15*m - g. Let n = m - -145. What are the prime factors of n?
2, 5
Suppose 0 = -3*k - l - 2*l - 1104, 0 = 4*k + 3*l + 1469. Let r = k + 827. List the prime factors of r.
2, 3, 7, 11
Let i = 63 + -48. Suppose 19*m - 1924 = i*m. List the prime factors of m.
13, 37
Suppose -4*a - 2*h + 4*h = -6686, 0 = -a - 3*h + 1661. Suppose -507*x = -502*x - a. What are the prime factors of x?
2, 167
Suppose 1425 = 3*k + 4*p, -p - 1798 = -4*k + 102. What are the prime factors of 3 - (-12)/((-10)/k*-5)?
3, 13
Suppose 15 = 3*s + 3*f, -f = 3*s - 7 - 2. Suppose -5*h - 4*u = -26, 0 = h - s*u + 5 + 1. Suppose -5*a + h*a + 93 = 0. What are the prime factors of a?
31
Let d(o) = -125*o - 2129. What are the prime factors of d(-63)?
2, 13, 17
Let z(q) be the second derivative of 2*q**4 + 0 + 24*q - 1/20*q**5 + 29/6*q**3 + 37/2*q**2. What are the prime factors of z(25)?
137
Suppose -f + 4 + 0 = -y, -4*y + 8 = 0. What are the prime factors of 6/(-2)*(-158)/f?
79
Let u = 587 - 561. Suppose -u*h + 13813 = -7*h. What are the prime factors of h?
727
Suppose -604*l + 2755710 + 4100467 = -3619599. List the prime factors of l.
2, 271
Suppose 0 = 67*v - 77*v + 30. Let q(z) = -8*z + 11. Let c(s) = -4*s + 6. Let w(b) = 5*c(b) - 3*q(b). What are the prime factors of w(v)?
3
Let c(x) be the first derivative of -181*x**4/2 - 2*x**3/3 + 11*x**2/2 + 12*x + 14. List the prime factors of c(-1).
19
Let p(i) = 2*i**2 - 4*i - 3. Let n be p(4). Let y = n - 2. Suppose -63 = -12*k + y*k. List the prime factors of k.
3, 7
Let y be (-10)/(-6)*(63 + -60). Suppose -y*g = 4*t - 2503, t - 5*t + 2482 = -2*g. List the prime factors of t.
2, 311
Let h(a) be the third derivative of -17*a**4/24 - 37*a**3/3 - 2*a**2 + 27. What are the prime factors of h(-15)?
181
Let l = -18003 + 40454. What are the prime factors of l?
11, 13, 157
Let u(w) = 37*w + 31. Let r be (-7 + -2 - -13) + (0 - -2). List the prime factors of u(r).
11, 23
List the prime factors of 2702/1158*((-6)/(-27) + 280796/18).
2, 5, 7, 13
Suppose 14018 = 21*k + 1040. Let b = 743 - k. List the prime factors of b.
5
List the prime factors of -19148*18/(-48) - 4/(-8).
43, 167
Suppose -11*z + 17043 = 19*z - 7*z. List the prime factors of z.
3, 13, 19
Suppose 41*c + 12 = 38*c, m - 2*c - 10964 = 0. What are the prime factors of m?
2, 3, 11, 83
Suppose 20*p = 38842 + 70538. What are the prime factors of p?
3, 1823
Suppose -4*x - o - 5 = -18, -11 = -2*x + o. Suppose 0 = -3*c + 6, -a + 342 = x*c - 11. What are the prime factors of a?
3, 5, 23
Suppose -37 = -g - 35. Suppose 1968 + 2030 = 5*c - x, -g = -x. What are the prime factors of c?
2, 5
Let h(d) = -703*d + 530. What are the prime factors of h(-2)?
2, 11
Suppose -120*y + 1663741 + 3097979 = 0. What are the prime factors of y?
3, 4409
Suppose -3*i - 5*s = 5, -2*i + 6*s + 26 = 2*s. Let x(l) = 6*l**3 - 15*l**2 + 15*l + 5. What are the prime factors of x(i)?
5, 7, 13
Suppose k = 1580 + 4407. What are the prime factors of k?
5987
Let o be 7*1 + (1282 - -67). Suppose 0 = -2*b + 14*b - o. What are the prime factors of b?
113
What are the prime factors of (5 - 296/10)/(2/(-290))?
3, 29, 41
List the prime factors of (846/(-24))/((-57)/1216).
2, 47
Let h = -36815 - -62703. List the prime factors o